ase 15?
-7
-5 (base 15) to base 6
-5
What is -3221 (base 4) in base 9?
-278
Convert 3 (base 4) to base 8.
3
11b (base 15) to base 12
18b
Convert -10 (base 7) to base 9.
-7
Convert -244 (base 6) to base 3.
-10201
68 (base 14) to base 6
232
42 (base 5) to base 13
19
What is 3 (base 14) in base 7?
3
What is 13 (base 8) in base 14?
b
-3 (base 10) to base 12
-3
Convert -134 (base 6) to base 14.
-42
Convert -67 (base 8) to base 10.
-55
What is -5 (base 8) in base 13?
-5
-12 (base 5) to base 3
-21
Convert 3 (base 14) to base 15.
3
What is -10 (base 2) in base 6?
-2
What is -52 (base 7) in base 13?
-2b
What is 1 (base 14) in base 6?
1
197 (base 11) to base 8
343
What is -1010 (base 3) in base 2?
-11110
0 (base 7) to base 6
0
Convert -53 (base 6) to base 12.
-29
What is -3a (base 12) in base 16?
-2e
Convert -2 (base 4) to base 11.
-2
-5 (base 15) to base 5
-10
-c (base 15) to base 6
-20
Convert -24 (base 7) to base 9.
-20
Convert 14 (base 5) to base 12.
9
-12 (base 8) to base 7
-13
Convert -146 (base 15) to base 6.
-1203
Convert 15 (base 12) to base 3.
122
4 (base 15) to base 2
100
Convert -1212 (base 6) to base 8.
-450
Convert 30 (base 8) to base 14.
1a
Convert -13 (base 9) to base 13.
-c
What is -2 (base 3) in base 5?
-2
-2 (base 8) to base 3
-2
Convert -7 (base 16) to base 9.
-7
What is -55 (base 7) in base 10?
-40
Convert -b (base 14) to base 10.
-11
What is -53 (base 10) in base 7?
-104
What is -5 (base 10) in base 13?
-5
Convert 0 (base 8) to base 16.
0
Convert -2 (base 5) to base 16.
-2
What is -1001011 (base 2) in base 12?
-63
3 (base 7) to base 12
3
What is 14 (base 9) in base 15?
d
d4 (base 16) to base 3
21212
Convert -20 (base 4) to base 11.
-8
44 (base 5) to base 2
11000
Convert 7 (base 10) to base 3.
21
6 (base 11) to base 10
6
0 (base 11) to base 12
0
21 (base 7) to base 6
23
-2 (base 15) to base 3
-2
30 (base 5) to base 8
17
-2 (base 4) to base 13
-2
-a (base 12) to base 16
-a
-5 (base 7) to base 13
-5
Convert 0 (base 9) to base 11.
0
Convert -2 (base 6) to base 10.
-2
What is 21 (base 3) in base 8?
7
What is -13 (base 8) in base 5?
-21
What is -3 (base 8) in base 2?
-11
What is 22 (base 4) in base 10?
10
What is 7 (base 13) in base 15?
7
What is -2 (base 7) in base 5?
-2
Convert 2 (base 11) to base 7.
2
What is 100 (base 3) in base 15?
9
What is -4 (base 9) in base 7?
-4
Convert -20 (base 3) to base 14.
-6
54 (base 8) to base 10
44
0 (base 11) to base 4
0
3 (base 14) to base 9
3
3 (base 13) to base 14
3
What is -15b (base 15) in base 5?
-2221
Convert -2323 (base 4) to base 14.
-d5
0 (base 4) to base 7
0
107 (base 15) to base 3
22121
What is 155 (base 13) in base 2?
11101111
110 (base 2) to base 16
6
Convert -32 (base 5) to base 15.
-12
Convert -3 (base 15) to base 11.
-3
35 (base 15) to base 5
200
Convert -365 (base 7) to base 6.
-522
Convert -1 (base 3) to base 7.
-1
Convert -2 (base 12) to base 16.
-2
-11 (base 15) to base 13
-13
Convert -2 (base 12) to base 14.
-2
What is -72 (base 9) in base 14?
-49
Convert -1 (base 2) to base 12.
-1
What is 31 (base 5) in base 4?
100
Convert 5 (base 13) to base 5.
10
Convert 7 (base 8) to base 7.
10
Convert -5 (base 14) to base 2.
-101
What is -33 (base 5) in base 8?
-22
Convert -45 (base 9) to base 2.
-101001
Convert 310 (base 4) to base 10.
52
Convert 3 (base 8) to base 6.
3
-4 (base 12) to base 10
-4
-112 (base 3) to base 13
-11
111000 (base 2) to base 5
211
6 (base 7) to base 2
110
1311 (base 4) to base 8
165
What is -36 (base 16) in base 10?
-54
Convert -38 (base 9) to base 16.
-23
-4 (base 7) to base 14
-4
12 (base 6) to base 15
8
-26 (base 12) to base 6
-50
Convert a7 (base 15) to base 11.
133
Convert 2 (base 10) to base 16.
2
What is -5 (base 6) in base 9?
-5
1111 (base 2) to base 9
16
0 (base 3) to base 9
0
Convert -11011 (base 3) to base 15.
-77
What is -3 (base 13) in base 7?
-3
2 (base 8) to base 13
2
What is -404 (base 5) in base 10?
-104
31 (base 6) to base 10
19
Convert 120 (base 3) to base 9.
16
What is -213 (base 4) in base 9?
-43
What is -3 (base 14) in base 9?
-3
What is -175 (base 10) in base 9?
-214
Convert 1 (base 9) to base 7.
1
What is 2 (base 4) in base 12?
2
-2 (base 3) to base 13
-2
What is -101 (base 4) in base 14?
-13
Convert -12 (base 13) to base 3.
-120
Convert 1 (base 14) to base 11.
1
Convert -444 (base 5) to base 12.
-a4
What is -120 (base 4) in base 14?
-1a
Convert -221 (base 3) to base 8.
-31
-19 (base 16) to base 15
-1a
Convert -1 (base 6) to base 14.
-1
What is 6 (base 10) in base 14?
6
Convert -155 (base 6) to base 5.
-241
Convert 1022 (base 3) to base 16.
23
What is -8a (base 14) in base 13?
-95
131 (base 10) to base 16
83
-5 (base 16) to base 7
-5
What is -142 (base 6) in base 10?
-62
1 (base 16) to base 12
1
23 (base 11) to base 13
1c
Convert -7 (base 16) to base 6.
-11
21 (base 10) to base 3
210
Convert -2 (base 11) to base 10.
-2
-20 (base 13) to base 10
-26
Convert -7 (base 8) to base 15.
-7
Convert -1010 (base 2) to base 14.
-a
What is -10011 (base 2) in base 3?
-201
Convert -541 (base 8) to base 3.
-111002
2 (base 10) to base 13
2
Convert 11100 (base 3) to base 12.
99
What is 1 (base 9) in base 3?
1
What is 1 (base 9) in base 16?
1
0 (base 3) to base 9
0
-10 (base 5) to base 4
-11
Convert 4 (base 9) to base 15.
4
-20 (base 5) to base 13
-a
What is -12 (base 11) in base 9?
-14
What is 1113 (base 5) in base 3?
12212
Convert -e (base 15) to base 9.
-15
Convert -3 (base 11) to base 2.
-11
Convert -110 (base 4) to base 3.
-202
Convert -1 (base 15) to base 14.
-1
7 (base 10) to base 16
7
What is -1 (base 2) in base 15?
-1
What is 0 (base 4) in base 6?
0
243 (base 5) to base 14
53
What is 22 (base 3) in base 11?
8
What is 2 (base 15) in base 11?
2
278 (base 9) to base 16
e9
Convert -22020 (base 3) to base 5.
-1342
-2 (base 7) to base 9
-2
Convert 30 (base 10) to base 7.
42
Convert -21 (base 3) to base 5.
-12
What is 57 (base 16) in base 12?
73
-174 (base 10) to base 14
-c6
-1 (base 5) to base 11
-1
111 (base 2) to base 15
7
What is 1 (base 10) in base 9?
1
Convert -46 (base 8) to base 6.
-102
Convert 10011 (base 2) to base 14.
15
Convert 412 (base 6) to base 13.
b9
Convert -4 (base 12) to base 5.
-4
133 (base 9) to base 11
a1
Convert 3 (base 5) to base 4.
3
4a (base 12) to base 2
111010
Convert 105 (base 14) to base 12.
149
1c (base 15) to base 12
23
111 (base 3) to base 5
23
Convert 100 (base 2) to base 4.
10
What is -204 (base 6) in base 16?
-4c
What is -7 (base 13) in base 7?
-10
-17 (base 12) to base 10
-19
17 (base 11) to base 6
30
Convert -32 (base 16) to base 13.
-3b
1 (base 11) to base 6
1
What is 5 (base 10) in base 4?
11
105 (base 12) to base 13
b6
Convert -22 (base 3) to base 11.
-8
What is 2 (base 9) in base 8?
2
What is -4 (base 7) in base 2?
-100
Convert -121 (base 10) to base 16.
-79
What is 4 (base 6) in base 3?
11
-4 (base 6) to base 4
-10
-15 (base 12) to base 3
-122
10 (base 11) to base 10
11
What is 8 (base 14) in base 12?
8
What is 3 (base 6) in base 3?
10
c (base 15) to base 16
c
What is 43 (base 7) in base 2?
11111
Convert 15 (base 7) to base 3.
110
-14 (base 11) to base 6
-23
Convert -100001010 (base 2) to base 9.
-325
What is 1 (base 3) in base 15?
1
Convert -5 (base 16) to base 5.
-10
Convert -40 (base 12) to base 13.
-39
What is 14 (base 8) in base 10?
12
1 (base 10) to base 4
1
What is 1 (base 7) in base 9?
1
What is 10 (base 4) in base 14?
4
100 (base 4) to base 5
31
What is -30 (base 6) in base 5?
-33
What is -24 (base 15) in base 2?
-100010
-9 (base 10) to base 12
-9
Convert -1301 (base 4) to base 9.
-135
-26 (base 14) to base 2
-100010
-14 (base 12) to base 13
-13
What is 23 (base 12) in base 16?
1b
-143 (base 5) to base 8
-60
34 (base 5) to base 7
25
Convert -2102 (base 3) to base 13.
-50
Convert -18 (base 12) to base 14.
-16
What is 0 (base 13) in base 7?
0
Convert -2 (base 5) to base 14.
-2
Convert 77 (base 8) to base 9.
70
What is 27 (base 13) in base 16?
21
What is 6 (base 9) in base 8?
6
-1 (base 6) to base 10
-1
Convert -b (base 13) to base 8.
-13
What is -21 (base 10) in base 9?
-23
Convert 100 (base 2) to base 10.
4
Convert 1242 (base 5) to base 16.
c5
Convert -100 (base 6) to base 15.
-26
6 (base 10) to base 14
6
Convert 10 (base 3) to base 11.
3
What is 1102 (base 3) in base 12?
32
What is -6 (base 7) in base 14